 and 120.
12
What is the greatest common factor of 34 and 1?
1
Calculate the highest common divisor of 35 and 7.
7
What is the greatest common factor of 44 and 5632?
44
What is the greatest common factor of 45 and 60?
15
What is the greatest common divisor of 440 and 11?
11
What is the greatest common divisor of 209 and 247?
19
What is the highest common divisor of 22378 and 268?
134
What is the highest common factor of 37 and 1?
1
What is the highest common divisor of 46 and 428?
2
What is the greatest common divisor of 32 and 304?
16
What is the highest common divisor of 1342 and 451?
11
Calculate the highest common divisor of 361 and 646.
19
What is the highest common factor of 32 and 736?
32
What is the greatest common divisor of 465 and 150?
15
What is the greatest common divisor of 31 and 1?
1
What is the greatest common factor of 20 and 350?
10
Calculate the greatest common factor of 32 and 1552.
16
Calculate the greatest common divisor of 10746 and 45.
9
What is the greatest common divisor of 1025 and 100?
25
Calculate the greatest common factor of 24 and 16.
8
What is the greatest common divisor of 10 and 325?
5
What is the highest common divisor of 3055 and 47?
47
Calculate the highest common factor of 6 and 69.
3
What is the greatest common divisor of 2257 and 61?
61
Calculate the highest common divisor of 60 and 96.
12
What is the highest common factor of 2410 and 5?
5
What is the highest common factor of 3806 and 6228?
346
What is the highest common factor of 11020 and 290?
290
What is the highest common factor of 10 and 160?
10
What is the greatest common divisor of 385 and 330?
55
What is the greatest common divisor of 152 and 12?
4
What is the highest common divisor of 44 and 638?
22
Calculate the greatest common divisor of 685 and 5.
5
Calculate the greatest common factor of 1983 and 6.
3
What is the highest common factor of 13298 and 427?
61
Calculate the greatest common factor of 29 and 12557.
29
Calculate the greatest common factor of 711 and 27.
9
Calculate the highest common divisor of 95 and 65.
5
Calculate the highest common factor of 177 and 236.
59
Calculate the highest common divisor of 429 and 156.
39
Calculate the greatest common divisor of 60 and 33315.
15
Calculate the greatest common factor of 6848 and 704.
64
What is the greatest common divisor of 112 and 616?
56
What is the highest common factor of 4565 and 110?
55
Calculate the greatest common divisor of 77 and 44.
11
What is the greatest common factor of 6413 and 363?
121
What is the highest common factor of 60 and 84?
12
What is the highest common divisor of 120 and 1005?
15
What is the greatest common divisor of 4 and 180?
4
Calculate the highest common divisor of 1 and 11.
1
Calculate the greatest common divisor of 156 and 12.
12
Calculate the highest common divisor of 819 and 27.
9
Calculate the highest common divisor of 70 and 406.
14
Calculate the highest common divisor of 161 and 63.
7
What is the highest common factor of 2453 and 2676?
223
What is the highest common divisor of 46460 and 40?
20
What is the highest common divisor of 26960 and 40?
40
Calculate the greatest common factor of 651 and 357.
21
What is the highest common factor of 893 and 47?
47
What is the highest common divisor of 899 and 116?
29
What is the greatest common divisor of 36 and 4092?
12
Calculate the greatest common divisor of 44 and 1067.
11
Calculate the greatest common factor of 9503 and 43.
43
What is the greatest common divisor of 120 and 210?
30
Calculate the highest common divisor of 258 and 6.
6
What is the highest common factor of 10 and 50090?
10
What is the greatest common divisor of 590 and 20?
10
What is the highest common divisor of 120 and 735?
15
Calculate the highest common factor of 15 and 465.
15
Calculate the highest common factor of 10224 and 144.
144
Calculate the highest common factor of 10 and 21135.
5
What is the greatest common factor of 179 and 4?
1
What is the highest common divisor of 34 and 100?
2
What is the highest common factor of 91 and 286?
13
Calculate the highest common factor of 6 and 942.
6
What is the greatest common factor of 138 and 816?
6
What is the greatest common divisor of 28 and 1988?
28
Calculate the greatest common divisor of 26 and 923.
13
Calculate the highest common divisor of 341 and 62.
31
What is the greatest common divisor of 8 and 248?
8
Calculate the highest common factor of 468 and 36.
36
What is the greatest common factor of 57 and 931?
19
What is the highest common divisor of 21131 and 187?
187
Calculate the highest common divisor of 70 and 85.
5
Calculate the greatest common divisor of 108 and 840.
12
What is the greatest common divisor of 132 and 55?
11
What is the highest common divisor of 95 and 10?
5
Calculate the greatest common factor of 32 and 752.
16
Calculate the greatest common factor of 384 and 9888.
96
What is the highest common factor of 322 and 182?
14
What is the greatest common factor of 20 and 430?
10
Calculate the greatest common divisor of 222 and 2886.
222
What is the highest common factor of 784 and 48?
16
What is the greatest common factor of 1357 and 295?
59
Calculate the greatest common divisor of 104 and 128.
8
Calculate the greatest common divisor of 13034 and 266.
266
Calculate the highest common factor of 2 and 54.
2
Calculate the greatest common divisor of 29 and 2117.
29
What is the greatest common divisor of 1344 and 432?
48
What is the highest common factor of 481 and 559?
13
What is the greatest common factor of 224 and 3178?
14
What is the highest common factor of 3718 and 132?
22
What is the greatest common divisor of 234 and 26?
26
Calculate the highest common divisor of 6246 and 90.
18
What is the greatest common divisor of 24 and 18?
6
Calculate the highest common divisor of 135 and 15.
15
What is the greatest common factor of 837 and 62?
31
What is the greatest common factor of 2864 and 384?
16
What is the highest common divisor of 270 and 30?
30
What is the greatest common factor of 502 and 251?
251
What is the highest common divisor of 1254 and 44?
22
Calculate the greatest common divisor of 4296 and 576.
24
Calculate the greatest common divisor of 6579 and 9.
9
What is the greatest common factor of 14 and 1750?
14
What is the greatest common divisor of 13 and 169?
13
Calculate the greatest common factor of 846 and 376.
94
Calculate the greatest common factor of 345 and 9.
3
What is the greatest common divisor of 125 and 15?
5
Calculate the greatest common factor of 14780 and 40.
20
What is the greatest common divisor of 1616 and 2323?
101
What is the highest common factor of 177 and 20886?
177
What is the highest common factor of 536 and 603?
67
What is the highest common factor of 47 and 47?
47
Calculate the greatest common divisor of 68 and 51.
17
Calculate the highest common divisor of 2740 and 80.
20
What is the highest common divisor of 226 and 2?
2
What is the highest common factor of 58 and 899?
29
Calculate the greatest common divisor of 129 and 24.
3
What is the greatest common divisor of 12699 and 51?
51
What is the highest common divisor of 2024 and 7337?
253
What is the highest common factor of 1245 and 1125?
15
Calculate the greatest common factor of 357 and 306.
51
What is the highest common divisor of 78 and 975?
39
What is the greatest common factor of 126 and 12?
6
Calculate the greatest common divisor of 961 and 217.
31
Calculate the greatest common factor of 1056 and 132.
132
What is the greatest common divisor of 258 and 1634?
86
Calculate the greatest common divisor of 33 and 603.
3
What is the highest common factor of 52811 and 11?
11
What is the highest common factor of 56 and 7252?
28
Calculate the greatest common divisor of 84 and 30.
6
What is the greatest common factor of 483 and 14?
7
What is the highest common factor of 14 and 301?
7
What is the greatest common divisor of 24 and 400?
8
What is the greatest common divisor of 87 and 6?
3
What is the greatest common factor of 18 and 2226?
6
What is the greatest common factor of 102 and 255?
51
Calculate the greatest common divisor of 2761 and 11.
11
Calculate the highest common divisor of 20 and 84.
4
Calculate the highest common divisor of 48 and 56400.
48
What is the highest common factor of